) is divided by 40?
38
Let p = -45 - -48. What is the remainder when (p*4*-2)/((-36)/90) is divided by 32?
28
Let a = 833 + -452. Calculate the remainder when a is divided by 24.
21
What is the remainder when 83 is divided by -266*(-4)/16 - (-190)/(-76)?
19
Suppose -2*f - 3*u = -62, 2*f - 64 = -3*u - u. Let n = 20 + 1. Calculate the remainder when f is divided by n.
7
Let v = 22 - 22. Suppose v*y + 49 = 7*y. Calculate the remainder when 34 is divided by y.
6
Let n = -97 + 177. Suppose 5*f = n + 45. Let z = f - 2. What is the remainder when z is divided by 6?
5
Suppose -143*z + 156 = -137*z. What is the remainder when 125 is divided by z?
21
Suppose 0 = -5*l + 126 - 16. Let m = l - 14. Suppose s - 45 = -2*s. Calculate the remainder when s is divided by m.
7
Let d(t) = 6*t**3 - 6*t**2 - 4*t. What is the remainder when d(3) is divided by 15?
6
Suppose 2*i = 4*w - 52 - 1560, -3*w + i + 1210 = 0. What is the remainder when w is divided by 24?
20
Let b(u) be the second derivative of 3*u**3/2 - 3*u**2 - 9*u. Calculate the remainder when 23 is divided by b(2).
11
Let y(b) = -32*b - 197. Suppose 2*h - 151 = 5*r, -8*h - r = -3*h - 364. What is the remainder when h is divided by y(-7)?
19
Let m(l) = -l**3 - 3*l**2 - 6*l - 6. Let k be m(-3). Suppose -k - 4 = -o. Calculate the remainder when 78 is divided by o.
14
Suppose -n + 2 - 9 = 0. Let r = n - -19. Let h = -3 + r. Calculate the remainder when 34 is divided by h.
7
What is the remainder when 76/95 - 1252/(-10) is divided by 33?
27
Calculate the remainder when 52 is divided by (16 - 5)/((-1)/(-2)).
8
Let k(l) = 3*l**2 - 22*l + 1. What is the remainder when 28 is divided by k(8)?
11
Suppose 5*n + 60 = 4*w, 4*w + 3*n + 8 = 36. Let z = w + -5. Suppose -z*g = -2*g - 66. Calculate the remainder when 86 is divided by g.
20
Let u(r) = r**3 + 30*r**2 - 28*r + 120. Calculate the remainder when 268 is divided by u(-31).
25
Let o = 308 - 297. Let k = 69 - 30. What is the remainder when k is divided by o?
6
Suppose -w - 9936 = -25*w. What is the remainder when w is divided by 32?
30
Suppose -5*p = -p - 28. Calculate the remainder when 60 - (6/(-10) + 14/(-35)) is divided by p.
5
Suppose 0*s - 3 = 3*s. Let u(h) be the second derivative of -19*h**3/6 - h**2/2 + h. Calculate the remainder when u(s) is divided by 10.
8
Let z be (-10)/(-25) + 2 + 954/15. Let k = -53 + z. Calculate the remainder when 48 is divided by k.
9
Let b be (-3)/((-4 - -1) + 2). Suppose 2*s = -b*s + 205. Suppose 0 = 2*t + 15 - s. What is the remainder when t is divided by 4?
1
Let s = 1286 + -1274. Calculate the remainder when 455 is divided by s.
11
Let j be 6*(4 + (-12)/4). Suppose 4*q + j = 6*q. Let h(m) = m**3 + 9*m**2 + 8*m + 3. Calculate the remainder when h(-8) is divided by q.
0
Suppose -h + 2*y = y - 115, -3*y = 2*h - 205. Let m = -105 + h. Let z(k) = -k**3 - 2*k**2 + 2*k + 1. Calculate the remainder when m is divided by z(-3).
1
Let o be 102*((-1)/(-2) - 0). Let a = -43 + o. Calculate the remainder when 30 is divided by a.
6
Suppose -5*w + 3*d - 62 = -620, -2*d = 2. Suppose -4*s + 173 = -w. What is the remainder when s is divided by 18?
17
Let z = -1063 - -1094. What is the remainder when 169 is divided by z?
14
Let q(v) = 12*v - 2. Suppose 0 = t + 2*t + 12, -3*u + 4*t = -52. Calculate the remainder when q(5) is divided by u.
10
Let w(c) = c**3 - c**2 + c - 2. Let l be w(2). Let p be (6/l)/((-3)/(-4)). Suppose p*n + 13 = 39. Calculate the remainder when 50 is divided by n.
11
Let f = -652 + 659. Calculate the remainder when 31 is divided by f.
3
Suppose 30 - 79 = -7*u. What is the remainder when u is divided by 2?
1
Let a(g) = g**3 - g**2 + 3*g. Let l be (-6)/(1*-2)*11/11. Suppose 3*s - 2*b - 40 = 0, l*s + 18 = 5*b + 73. Calculate the remainder when a(3) is divided by s.
7
Suppose f = 2*m + 61, -4*m + 85 + 135 = 4*f. Let n(k) = -k + 3. Let d be n(5). Let i(w) = -2*w**3 + w + 1. Calculate the remainder when f is divided by i(d).
12
Suppose -k - 1 = -6. Suppose -239 = -31*u + 40. Calculate the remainder when u is divided by k.
4
Suppose -2*t + 239 = -t - 2*s, -s = -4. What is the remainder when t is divided by 50?
47
Suppose -4*i - 242 = 2*n, -8*i - 309 = -3*i - 4*n. Let k = 88 + i. What is the remainder when 79 is divided by k?
25
Suppose -36*y + 33*y = -102. Let k = 27 + -8. Calculate the remainder when y is divided by k.
15
Suppose 0 = 20*j - 25*j + 95. Calculate the remainder when 1460 is divided by j.
16
Suppose 2*n = 3*d - 1, 8*d + n = 3*d + 19. What is the remainder when (6/4)/((-3)/(-16)) is divided by d?
2
Let w = -13 + 5. Calculate the remainder when (-180)/27*30/w is divided by 14.
11
Let b(i) = 3*i - 3. Suppose 5*x = 3*l - l + 245, 5*l = -5*x + 210. Calculate the remainder when x is divided by b(6).
2
Suppose 0 = 359*o - 364*o + 115. What is the remainder when 77 is divided by o?
8
Suppose 4554 - 459 = 15*o. Calculate the remainder when o is divided by 40.
33
Suppose -3*l + 0 = -6. Suppose -4*n + 9*n + 2*i - 16 = 0, i = l*n - 1. What is the remainder when 2 is divided by n?
0
Let v = -257 + 516. What is the remainder when v is divided by 78?
25
Suppose 70 = 8*p + 6. What is the remainder when 207 is divided by p?
7
Let p(i) = -2*i**2 + i. Let l be p(-1). Let k be (6/(-8))/(l/(-48)). What is the remainder when -1*(-44)/(k/(-3)) is divided by 2?
1
Let r be ((-1)/3)/((-2)/(-138)). Let b = 26 + r. Suppose 224 = b*t + 71. What is the remainder when t is divided by 13?
12
Suppose -w = -0 - 31. Suppose -19 = -5*n + w. Calculate the remainder when 18 is divided by n.
8
What is the remainder when 78 is divided by (-5)/10*8*8*-1?
14
Let u(d) = -2*d - 1. Let q be u(-2). Let m(p) = 30*p + 16*p + 3 + 18*p - 46*p. What is the remainder when m(q) is divided by 20?
17
Let j(y) = -y**2 - 7*y - 7. Let r be 21/(0 - 3) + 0. Let l be j(r). What is the remainder when l/(0 - 2/14) is divided by 17?
15
Let t(b) = 20*b**2 - 4*b + 5. Let n(j) = -21*j**2 + 3*j - 4. Let l(o) = -5*n(o) - 4*t(o). What is the remainder when l(-1) is divided by (27/15)/(1/5)?
6
Calculate the remainder when 173 is divided by 1/(4/6) + (-230)/(-4).
55
Let v = 281 - 269. What is the remainder when 56 is divided by v?
8
Suppose 5*i - 2*h = 6, 2*i - 3*h = -2*i + 9. Suppose -2*v + 3*v - n = i, 3*n = 9. Suppose -21 = -a + v. What is the remainder when a is divided by 13?
11
Let h = 26 + -13. Let n(f) = -13*f - 23. Let a be n(-5). Let o = a + -34. What is the remainder when h is divided by o?
5
Let r = -8 - -33. Let k = 1345 - 1222. Calculate the remainder when k is divided by r.
23
Suppose 0 = -3*w + 3*z + 168, -z - 60 = -w + z. Calculate the remainder when w is divided by 14.
10
Let w(u) = 2*u**2 - 7*u - 1. Suppose k + 32 = 5*r, -4*r + 21 = k - 1. Suppose 31*x = 23*x + 440. Calculate the remainder when x is divided by w(r).
26
Let f = 1018 + -852. What is the remainder when f is divided by 28?
26
Suppose 4*y = 3*j - 95, 3*y = -5*j + 7*j - 62. Calculate the remainder when 72 is divided by j.
35
Let x(r) = -13*r - 5. What is the remainder when ((-2)/2)/(2/(-62)) is divided by x(-1)?
7
Let t = -96 - -61. Let i = 60 + t. Suppose -v + i + 9 = 0. What is the remainder when 65 is divided by v?
31
Let i(q) = 9*q + 30. Let f be i(-7). Let g = f - -49. What is the remainder when g is divided by 11?
5
Let s = 9 + -64. Let y = s - -102. What is the remainder when y is divided by 25?
22
Calculate the remainder when 140 is divided by ((-41)/7 - 1)/(6/(-21)).
20
Suppose c - 145 = -4*j, 0 = 2*j - 4*c - 38 - 30. Let h(b) = -8 + 107*b**2 + 0 + 8 + b. What is the remainder when h(-1) is divided by j?
34
Let v = 86 - 34. Suppose 2*n - 5*q - 325 = 0, -485 = -3*n - 2*q - 45. What is the remainder when n is divided by v?
46
Let h = -202 + 212. Let l(y) = -29*y**3 - 2*y**2 + 1. What is the remainder when l(-1) is divided by h?
8
Calculate the remainder when (9284/66)/(2/(-9)*-3) is divided by 27.
22
Let h(i) = 2*i + 7. Let w be h(7). Suppose -w = 5*r - 1, 0 = -y + r + 16. Calculate the remainder when y is divided by 3.
0
Suppose -6 - 24 = -15*q. Let c(l) = 23*l + 3. Calculate the remainder when c(q) is divided by 26.
23
Suppose 0 = -2*q + 5*n - 9, 2*n = -2*n + 12. Suppose -2*h + q*h = 24. What is the remainder when h is divided by (20/(-8) + -2)*-2?
6
Suppose -y = -2 - 1. Suppose -5 = 5*b + l, -2*b 